ors of t?
53
Let d(i) = 1. Let q(w) = w - 6. Let g(m) = 2*d(m) - q(m). Let y be g(5). Suppose y + 137 = 7*t. What are the prime factors of t?
2, 5
Let h = -986 - -962. Let z(m) = -m**3 - 25*m + 18 - 25*m**2 + 28 + m - 15. List the prime factors of z(h).
31
Suppose -2*a - 506 = -0*y - 2*y, 3*y - 503 = 2*a. List the prime factors of a/6*(18 - 24).
2
Let l(n) = 7*n**2 + 17*n - 9. Let f(t) = -3*t**2 - 8*t + 5. Let a(q) = 5*f(q) + 2*l(q). Let u be a(-6). Suppose -157 + u = -5*m. List the prime factors of m.
2, 3, 5
Let x = 224 + -218. Suppose x*b + 255 = 1071. What are the prime factors of b?
2, 17
Let v(n) = 2*n**3 - 3*n**2 - 56*n - 170. What are the prime factors of v(15)?
5, 1013
Let q be (1081/2 + -4)/(2/12). Suppose 5*m = q - 504. List the prime factors of m.
3, 181
Suppose 7*p - 17348 = 14789 + 4648. What are the prime factors of p?
5, 1051
Let g(s) = -51*s**2 + 14*s - 27. Let k(t) = -51*t**2 + 13*t - 26. Let x(u) = 6*g(u) - 7*k(u). Let q be x(4). Suppose h + 3*h = q. List the prime factors of h.
2, 101
Suppose -13 = -5*d + 27. Let p(j) = -5*j + 2*j - 7 + d*j. What are the prime factors of p(15)?
2, 17
Let o be 36/(-3)*(-2 + (-4)/(-6)). Suppose 0 = -9*g + 20 + o. Let h = g + 26. List the prime factors of h.
2, 3, 5
Suppose 423769 - 1417594 = -35*j. What are the prime factors of j?
3, 5, 631
Suppose -3*q + 4*l = -132828, 221328 = -2952*q + 2957*q + 2*l. List the prime factors of q.
2, 3, 7, 17, 31
Let a = -38 - -67. Suppose a*r - 28*r - 539 = 3*z, -4*r + 5*z = -2170. What are the prime factors of r?
5, 109
Suppose -5*m + 25 = 0, -y + 4*m = 2*m + 10. Suppose d - 17 = -s, y = d - 2*s + 3 - 11. Suppose -d*o = -12*o - 214. What are the prime factors of o?
107
Let x(t) = 5*t**3 - 15*t**2 - t + 1. Let p(k) = 1. Let f(q) = -3*p(q) - x(q). What are the prime factors of f(-3)?
263
Let z be -5 - (-4 - -3)*10. Suppose -5*q = z*u - 30 - 70, -q = -4*u + 60. List the prime factors of u.
2
Suppose 5*f - 255 = 4*r, -186 = 2*r + r - 2*f. What are the prime factors of (-1)/10 - 53706/r?
5, 179
Let t = -17133 - -30943. What are the prime factors of t?
2, 5, 1381
Let t be (-8)/(-10)*30/(-36)*-3. Suppose l - 159 = -t*l. Let x = l + -7. What are the prime factors of x?
2, 23
Let a = -43557 - -65547. List the prime factors of a.
2, 3, 5, 733
Let o = -28670 + 52522. What are the prime factors of o?
2, 67, 89
What are the prime factors of -4 - ((-120633)/15 + -9)*5?
2, 29, 347
Let x(r) = -r**3 + 5*r**2 - r + 7. Let z(a) = -a**3 - 4*a**2 + 3*a - 7. Let y be z(-5). Let p be x(y). Suppose -26*w + 64 = -p*w. List the prime factors of w.
2
Let i(x) = -2*x**3 - 15*x**2 + 7*x. Let p be i(-8). Suppose 376 = j + y, j - 384 = p*y - 13*y. What are the prime factors of j?
2, 11, 17
Let p(s) = 6*s**3 - s**2 - 2*s + 1. Let k be p(-2). Let j = -50 - k. List the prime factors of (2 - j)*84/6.
2, 5, 7
Suppose 5712 = q - 218*t + 214*t, 2*q - 11484 = -2*t. List the prime factors of q.
2, 3, 239
Suppose 5*y - 1145 + 90 = 0. Suppose 0*d - 3*m = -d + y, -2*m = 2*d - 454. List the prime factors of d.
223
Let t(p) = 27*p**2 - 33*p - 40. What are the prime factors of t(31)?
2, 6221
Suppose -796 = 10*b - 12*b. Let q = b + -209. What are the prime factors of q?
3, 7
Let i be 1*2/8 - 738/(-24). Suppose 308 = l + 26*q - i*q, 0 = -4*q. What are the prime factors of l?
2, 7, 11
What are the prime factors of (-9028037)/(-185) - ((-4)/(-2) + 4/(-5))?
48799
Let z be 36/(-10)*(-5200)/60. Let o = 828 - z. List the prime factors of o.
2, 3, 43
Let i = 58 - 39. Suppose -3*n = -25 + i. Suppose 140 = n*r - 5*k, -10*r + 3*k + 201 = -7*r. List the prime factors of r.
5, 13
Suppose -43404*d = -43411*d + 49567. What are the prime factors of d?
73, 97
Let l(z) = 15*z - 2*z + z**3 + 0*z**2 - 2 + 11*z**2 + 5. Let a be (-1 + -1)/(-8 + (-330)/(-40)). List the prime factors of l(a).
7, 13
Let w(m) = 4*m**2 + 8*m + 33. Let l(y) = 5*y**2 + 7*y + 33. Let t(f) = 3*l(f) - 4*w(f). Let n be t(-14). Let z = 204 + n. List the prime factors of z.
3, 43
Suppose 0 = -2*q - 1424 - 340. Let b = q - -1966. List the prime factors of b.
2, 271
Let k(c) = c**2 + 46*c + 92. Let l be k(-44). Suppose l*i + f = 564 + 4332, 5*i + 4*f = 6120. What are the prime factors of i?
2, 3, 17
Let l(n) = -77*n + 11478. What are the prime factors of l(-81)?
3, 5, 1181
Suppose 1046*n + 272743 = 1153*n. What are the prime factors of n?
2549
Let l = 29 - -24. Let g = -40 + l. Suppose 11*x + 16 = g*x. What are the prime factors of x?
2
What are the prime factors of (1 + 1542/10)/(2 + (-708)/355)?
2, 71, 97
Let b(h) = 45*h**2 + 33*h + 11. Suppose -11*y + 90 = -29*y. What are the prime factors of b(y)?
971
Let h(z) = 53*z**3 + 3*z**2 + 51*z - 101. List the prime factors of h(6).
19, 619
What are the prime factors of (12/(-15))/(47/((-90136365)/22))?
2, 3, 59, 197
Suppose -5*c + 0*c - 54 = -2*q, 4*q = 5*c + 118. Suppose 37 = 3*k - 5*z, -3*k + 4*z = -6 - q. Suppose -k*p + 593 + 1661 = 0. List the prime factors of p.
7, 23
Let w be (-1 + -1)/((-1)/2). Suppose 0 = -10*h + 14*h + y - 1151, 4 = -w*y. List the prime factors of h.
2, 3
Let q(l) = -3*l - 1. Let x be (2 - (-2 + 4)) + 9. Let o be (x/27)/(1/(-69)). What are the prime factors of q(o)?
2, 17
Let d be (14/(-4) + 5)*12. Let h(s) = 2*s**2 - 27*s - 57. List the prime factors of h(d).
3, 5, 7
Suppose -210*n + 12324112 = 2277922. What are the prime factors of n?
11, 4349
Let t(p) = 3*p**2 + p + 4. Let g(i) = 8*i**2 + 3*i + 13. Let a(y) = -6*g(y) + 21*t(y). Suppose 2*u - 42 + 34 = 0. List the prime factors of a(u).
2, 3, 43
Suppose -7*x = -2*x - 65. Suppose -x*c = 15*c - 1624. What are the prime factors of c?
2, 29
Let u be (-8)/((-32)/2820) - -5. Suppose -u - 556 = -3*l. What are the prime factors of l?
2, 211
Let b = 2284 - -13395. What are the prime factors of b?
15679
Suppose 2*a = o + 730 - 7, 0 = -3*a + 5*o + 1067. Let t = a + -232. List the prime factors of t.
2, 3, 11
Suppose 60 = 4*h + 20. Let v(z) = z**3 - 11*z**2 + 12*z - 16. Let q be v(h). Suppose -2*g + 16 = 2*g, -o + 56 = -q*g. List the prime factors of o.
2, 3
Let m(c) = c**3 + 12*c**2 - 13*c + 4. Let j be m(-13). Suppose 5*k - 4*w = 1740, j*k + 4*w - 547 = 809. List the prime factors of k.
2, 43
Let q be (-4)/(-56)*-6 + (-14124)/21. Let h = q + 314. Let m = 504 + h. What are the prime factors of m?
5, 29
Let x = 224 - 233. List the prime factors of (4237/(-57))/(3/x).
223
Let k be (-4)/(-5) + (-16)/(-5). Let j(q) = 1 + 4*q**2 - q + k + 2. What are the prime factors of j(-4)?
3, 5
Suppose 0 = -2179*z + 2187*z - 6568. List the prime factors of z.
821
Let n = -225 + 328. Suppose -5*k + 1219 = 3*v, 6*v - 9*v - 475 = -2*k. Let a = k - n. List the prime factors of a.
139
Let x = 74 - 110. Let t = x - -47. Suppose -t*n + 1080 = -2*n. List the prime factors of n.
2, 3, 5
Let d = -55 - -58. Suppose 12 = -2*a - a, -d*a + 6 = 2*t. Let v(z) = 3*z**2 - 5*z + 17. What are the prime factors of v(t)?
5, 43
Suppose 3*s - 2*z - 2888 = -6*z, -5*z = 2*s - 1930. Let r = -163 + s. What are the prime factors of r?
797
Let o(u) = u + 16. Let a be o(3). Suppose -30874 = -a*s - 9708. List the prime factors of s.
2, 557
Let h be ((-392)/16)/(4/(-4560)). Suppose 27*c - h = -8*c. What are the prime factors of c?
2, 3, 7, 19
Suppose 7*m = 9*m + 4, 2*p = -5*m + 706. Let r = -64 + p. What are the prime factors of r?
2, 3, 7
Let b = 1310 + -925. Let l = 1344 + -1606. Let p = l + b. What are the prime factors of p?
3, 41
Suppose -3*h = -h - 422. Let j = 445 - h. Suppose 64 = i + q, -2*i - 100 + j = -4*q. What are the prime factors of i?
5, 13
Let a(l) = 2*l**3 - 30*l**2 - 43*l + 10. Let h be 2/4 - (-11)/22 - -16. List the prime factors of a(h).
3, 5, 29
Let v = -592 - -596. Let n be 21/2*(-60)/(-7). What are the prime factors of n - (v - 8)*1?
2, 47
List the prime factors of 0*(12/8 + -1) - -2*3707.
2, 11, 337
Let w be (-830)/4*378/(-105). Suppose 0 = -2*a - 5*k + w, 1564 = -3*a + 7*a - 4*k. List the prime factors of a.
2, 193
Let n = 20105 - 18961. List the prime factors of n.
2, 11, 13
Let x(i) = 2*i**3 - i**2 - i - 6. Let u be x(2). Suppose 9*r - 7*r + u*k - 292 = 0, -2*k = 3*r - 434. What are the prime factors of r?
2, 3
Let a be (-6*(-1)/1)/(-1). Let p be -10 - a*((-21)/(-9) - 2). Let r(t) = -t**2 - 16*t - 1. List the prime factors of r(p).
3, 7
What are the prime fact